{"id":118,"date":"2019-04-03T21:01:22","date_gmt":"2019-04-03T21:01:22","guid":{"rendered":"https:\/\/cms.dvg-lsa.de\/?page_id=118"},"modified":"2025-06-02T05:41:44","modified_gmt":"2025-06-02T05:41:44","slug":"jugend","status":"publish","type":"page","link":"https:\/\/www.dvg-lsa.de\/?page_id=118","title":{"rendered":"dvg-JUGEND"},"content":{"rendered":"\n<p><strong>Die dvg-JUGEND Sachsen-Anhalt \u2013 die kompetente Interessenvertretung der jungen Mitglieder.<\/strong><\/p>\n\n\n\n<p>Kompetent und stark &#8211; die dvg-JUGEND Sachsen-Anhalt ist die  Jugendorganisation der DVG Sachsen-Anhalt e.V. und ist Mitglied der dbb  jugend an. Die dbb jugend ist mit mehr als 150.000 Mitgliedern einer der  gr\u00f6\u00dften Jugendgewerkschaftsverb\u00e4nde in Deutschland. Sie vertritt die  Interessen der jugendlichen Besch\u00e4ftigten im \u00f6ffentlichen Dienst und bei  den privatisierten Dienstleistern wie Bahn und Post. Ob Arbeitnehmer  oder Beamte \u2013 alle im Alter zwischen 16 und 30 Jahren sind bei der dbb  jugend bestens aufgehoben.<\/p>\n\n\n\n<p>Die dvg-JUGEND Sachsen-Anhalt vertritt die besonderen Interessen  der Mitglieder der DVG Sachsen-Anhalt bis zum vollendeten 30.  Lebensjahr.<\/p>\n\n\n\n<p>Fragen der Berufsausbildung, des Laufbahnrechts und Fragen des \nberuflichen Fortkommens der Bediensteten der jungen Besch\u00e4ftigten in den\n Verwaltungen im Land Sachsen-Anhalt stehen bei der dvg-JUGEND \nSachsen-Anhalt ganz oben auf dem Plan. Neben der Jugendarbeit sind \nbeispielsweise Jugend- und Umweltpolitik, Europa und Globalisierung \nfeste Themen auf der Agenda der dvg-JUGEND Sachsen-Anhalt.<\/p>\n\n\n\n<p>Das h\u00f6chste Gremium der dvg-JUGEND Sachsen-Anhalt ist der  Landesjugendtag, welcher jeweils f\u00fcr die kommenden f\u00fcnf Jahre die  Grundlagen und Richtlinien f\u00fcr die Arbeit der dvg-JUGEND Sachsen-Anhalt  bestimmt. Zwischen den Landesjugendtagen obliegt der Landesjugendleitung  die Gesch\u00e4ftsf\u00fchrung und Vertretung der dvg-JUGEND Sachsen-Anhalt.<\/p>\n\n\n\n<p>Der Vorsitzende der dvg-JUGEND Sachsen-Anhalt geh\u00f6rt als  stimmberechtigtes Mitglied dem Landeshauptvorstand  der DVG Sachsen-Anhalt e.V. an. Eine stellvertretende Vorsitzende oder  ein stellvertretender Vorsitzender der dvg-JUGEND Sachsen-Anhalt geh\u00f6rt  als stimmberechtigtes Mitglied auch dem Landeshauptvorstand der DVG  Sachsen-Anhalt e.V. an.<\/p>\n\n\n\n<p>Die Landesjugendleitung wurde am 9. Dezember 2024 neu gew\u00e4hlt:<\/p>\n\n\n\n<p><strong>Landesjugendleiter Christian Heyroth, christian.heyroth@lsa.dvg-jugend.de<\/strong><\/p>\n\n\n\n<p><strong>stellv. Landesjugendleiter, Julio K\u00f6sters, julio.koesters@lsa.dvg-jugend.de<\/strong><\/p>\n\n\n\n<p><strong>stellv. Landesjugendleiterin Victoria Meyer, victoria.meyer@lsa.dvg-jugend.de<\/strong><\/p>\n\n\n\n<p>Wir suchen  interessierte jugendliche Mitglieder zu Mitarbeit, E-Mail gen\u00fcgt, wir  melden uns dann unverz\u00fcglich und besprechen gerne die Einzelheiten.<\/p>\n\n\n\n<p><strong>Eure Meinung ist uns wichtig.<\/strong><\/p>\n\n\n\n<p>Weiterbildung und Kommunikation werden gro\u00df geschrieben. Interesse \nist bei der dvg-JUGEND Sachsen-Anhalt stets gerne gesehen. Fragen werden\n schnell und kompetent beantwortet.<\/p>\n\n\n\n<p>Die dvg-JUGEND Sachsen-Anhalt ist erreichbar unter: <a href=\"mailto:info@lsa.dvg-jugend.de\">info@lsa.dvg-jugend.de<\/a>. <\/p>\n","protected":false},"excerpt":{"rendered":"<p>Die dvg-JUGEND Sachsen-Anhalt \u2013 die kompetente Interessenvertretung der jungen Mitglieder. Kompetent und stark &#8211; die dvg-JUGEND Sachsen-Anhalt ist die Jugendorganisation der DVG Sachsen-Anhalt e.V. und ist Mitglied der dbb jugend an. Die dbb jugend ist mit mehr als 150.000 Mitgliedern einer der gr\u00f6\u00dften Jugendgewerkschaftsverb\u00e4nde in Deutschland. Sie vertritt die Interessen der jugendlichen Besch\u00e4ftigten im \u00f6ffentlichen &#8230; <a title=\"dvg-JUGEND\" class=\"read-more\" href=\"https:\/\/www.dvg-lsa.de\/?page_id=118\" aria-label=\"Mehr Informationen \u00fcber dvg-JUGEND\">Weiterlesen<\/a><\/p>\n","protected":false},"author":1,"featured_media":0,"parent":94,"menu_order":0,"comment_status":"closed","ping_status":"closed","template":"","meta":{"footnotes":""},"class_list":["post-118","page","type-page","status-publish"],"_links":{"self":[{"href":"https:\/\/www.dvg-lsa.de\/index.php?rest_route=\/wp\/v2\/pages\/118","targetHints":{"allow":["GET"]}}],"collection":[{"href":"https:\/\/www.dvg-lsa.de\/index.php?rest_route=\/wp\/v2\/pages"}],"about":[{"href":"https:\/\/www.dvg-lsa.de\/index.php?rest_route=\/wp\/v2\/types\/page"}],"author":[{"embeddable":true,"href":"https:\/\/www.dvg-lsa.de\/index.php?rest_route=\/wp\/v2\/users\/1"}],"replies":[{"embeddable":true,"href":"https:\/\/www.dvg-lsa.de\/index.php?rest_route=%2Fwp%2Fv2%2Fcomments&post=118"}],"version-history":[{"count":6,"href":"https:\/\/www.dvg-lsa.de\/index.php?rest_route=\/wp\/v2\/pages\/118\/revisions"}],"predecessor-version":[{"id":1924,"href":"https:\/\/www.dvg-lsa.de\/index.php?rest_route=\/wp\/v2\/pages\/118\/revisions\/1924"}],"up":[{"embeddable":true,"href":"https:\/\/www.dvg-lsa.de\/index.php?rest_route=\/wp\/v2\/pages\/94"}],"wp:attachment":[{"href":"https:\/\/www.dvg-lsa.de\/index.php?rest_route=%2Fwp%2Fv2%2Fmedia&parent=118"}],"curies":[{"name":"wp","href":"https:\/\/api.w.org\/{rel}","templated":true}]}}