{"id":173,"date":"2019-05-21T21:35:46","date_gmt":"2019-05-21T21:35:46","guid":{"rendered":"https:\/\/cms.dvg-lsa.de\/?page_id=173"},"modified":"2020-02-13T22:59:17","modified_gmt":"2020-02-13T22:59:17","slug":"organisation","status":"publish","type":"page","link":"https:\/\/www.dvg-lsa.de\/?page_id=173","title":{"rendered":"Organisation"},"content":{"rendered":"\n<p><strong>Herzlich willkommen bei der Deutschen Verwaltungs-Gewerkschaft Sachsen-Anhalt e. V. !<\/strong><\/p>\n\n\n\n<p>Wir begr\u00fc\u00dfen Sie herzlich auf den Internetseiten der Deutschen Verwaltungs-Gewerkschaft Sachsen-Anhalt (DVG Sachsen-Anhalt), der  kompetenten gewerkschaftlichen Interessenvertretung der Bediensteten in  den Verwaltungen des Landes Sachsen-Anhalt.<\/p>\n\n\n\n<p>Eine engagierte Gewerkschaftsvertretung ist heute unter den  zunehmend schwierigen Bedingungen im Berufsleben unverzichtbar. Auch im \u00f6ffentlichen Dienst hat man, auf sich allein gestellt, wenig Chancen, seine Rechte und Interessen durchzusetzen.<br>Gerade hier brauchen wir eine Fachgewerkschaft, die wei\u00df wovon sie redet.<\/p>\n\n\n\n<p>Die Deutsche Verwaltungs-Gewerkschaft f\u00fcr Beamte und  Tarifbesch\u00e4ftigte ist die einzige Fachgewerkschaft f\u00fcr die allgemeine  und innere Verwaltung in den L\u00e4ndern. In der DVG Sachsen-Anhalt haben sich Besch\u00e4ftigte im Land Sachsen-Anhalt zusammengeschlossen, um gemeinsame Ziele gegen\u00fcber Politik und Arbeitgebern zu vertreten.<\/p>\n\n\n\n<p>Dabei setzen wir uns gleicherma\u00dfen f\u00fcr  Arbeitnehmer und Beamte  ein. Dies ist nach unserer \u00dcberzeugung die einzig sinnvolle Basis, die  Besch\u00e4ftigten des \u00f6ffentlichen Dienstes wirksam zu vertreten.<\/p>\n\n\n\n<p>Unser Motto lautet:<\/p>\n\n\n\n<blockquote class=\"wp-block-quote is-layout-flow wp-block-quote-is-layout-flow\"><p>Soviel Ehrenamtlichkeit wie m\u00f6glich und soviel Hauptamtlichkeit wie n\u00f6tig<\/p><\/blockquote>\n\n\n\n<p>Dadurch gew\u00e4hrleisten wir eine praxisbezogene Arbeit und Betreuung der Mitglieder. Diese Aufgaben erledigen Praktiker in unseren Fachgremien auf Landesebene sowie in unseren Bezirksverb\u00e4nden. Dabei arbeiten wir eng mit dem einzigen gewerkschaftlichen Spitzenverband f\u00fcr den \u00f6ffentlichen Dienst, dem dbb beamtenbund und tarifunion, zusammen. Hinter uns stehen \u00fcber 1,2 Millionen Mitglieder. <\/p>\n\n\n\n<p>Sie k\u00f6nnen von einer hervorragenden gewerkschaftlichen  Interessenvertretung und erstklassigen Serviceleistungen profitieren,  wenn Sie zu unvergleichlich g\u00fcnstigen Beitr\u00e4gen  Mitglied werden in der  DVG Sachsen-Anhalt.<\/p>\n\n\n\n<p>Sie sind herzlich eingeladen, sich hier n\u00e4her zu informieren. Bei Fragen, auf die Sie in unseren Internet-Seiten keine Antwort finden, sind wir gern pers\u00f6nlich f\u00fcr Sie da. Wenden Sie sich einfach an unsere Gesch\u00e4ftsstelle oder an unsere Ansprechpartner vor Ort.<\/p>\n\n\n\n<p>Sie sind noch skeptisch? Die Argumente sprechen f\u00fcr die DVG Sachsen-Anhalt:<\/p>\n\n\n\n<blockquote class=\"wp-block-quote is-layout-flow wp-block-quote-is-layout-flow\"><p><strong>Wir setzen Ihre Interessen durch<\/strong>! <\/p><\/blockquote>\n\n\n\n<p>Wir setzen Ihre Interessen gegen\u00fcber Arbeitgebern und Dienstherren vor Ort, bei Tarifverhandlungen, bei gesetzlichen Regelungen sowie bei der Meinungsbildung in Politik und Gesellschaft! Gerade der \u00f6ffentliche Dienst braucht eine starke Interessenvertretung.<\/p>\n\n\n\n<blockquote class=\"wp-block-quote is-layout-flow wp-block-quote-is-layout-flow\"><p><strong>St\u00e4rker in der Gemeinschaft<\/strong><\/p><\/blockquote>\n\n\n\n<p>Solange Arbeitgeber und Gesetzgeber wissen, dass nicht alle gewerkschaftlich organisiert sind, ist es f\u00fcr sie umso leichter, Sozial-, Lohn- und Arbeitsplatzdemontage durchzusetzen und Besch\u00e4ftigten ohne Rechtsschutz Rechte vorzuenthalten!<\/p>\n\n\n\n<blockquote class=\"wp-block-quote is-layout-flow wp-block-quote-is-layout-flow\"><p><strong>Die DVG Sachsen-Anhalt hat sehr g\u00fcnstige Beitr\u00e4ge<\/strong>. <\/p><\/blockquote>\n\n\n\n<p>Die Nachteile, die durch zu schwache Gewerkschaften verkraftet werden m\u00fcssen, wiegen viel schwerer als ein paar gut angelegte Euro f\u00fcr Ihre Interessenvertretung! Au\u00dferdem: Bei der DVG Sachsen-Anhalt mit ihren Serviceangeboten stimmt das Preis-Leistungs-Verh\u00e4ltnis!<\/p>\n\n\n\n<blockquote class=\"wp-block-quote is-layout-flow wp-block-quote-is-layout-flow\"><p><strong>Die DVG Sachsen-Anhalt hat sich spezialisiert und versucht nicht, alles und jeden zu vertreten.<\/strong> <\/p><\/blockquote>\n\n\n\n<p>So erreichen wir Praxisbezug und Fachkompetenz. Wir lassen uns nicht an spektakul\u00e4ren, medientr\u00e4chtigen Versprechungen messen, sondern an unserer Sacharbeit, die unseren Mitgliedern zugute kommt. Durch die Einbindung in den dbb beamtenbund und tarifunion wird das Gewicht der DVG Sachsen-Anhalt gest\u00e4rkt.<\/p>\n\n\n\n<blockquote class=\"wp-block-quote is-layout-flow wp-block-quote-is-layout-flow\"><p><strong>In strittigen F\u00e4llen kann nur die Gewerkschaft Rechtsschutz gew\u00e4hren. <\/strong><\/p><\/blockquote>\n\n\n\n<blockquote class=\"wp-block-quote is-layout-flow wp-block-quote-is-layout-flow\"><p><strong>Nur Gewerkschaften k\u00f6nnen Einfluss auf das Tarif-, Arbeits-, Dienst- und Sozialrecht nehmen.<\/strong><\/p><\/blockquote>\n\n\n\n<p>Weitere Informationen \u00fcber uns:<\/p>\n\n\n\n<p>      <a href=\".\/?page_id=202\">Unsere Satzung<\/a> <br>      <a href=\".\/?page_id=101\">Landesvorstand <\/a> <br>      <a href=\".\/?wpdmpro=aufbau-dvg-lsa\">Aufbau der DVG Sachsen-Anhalt<\/a><br>      <a href=\".\/?page_id=199\">Tarifkommission<\/a> <br>      <a href=\".\/?page_id=189\">Landesfrauenleitung<\/a><\/p>\n","protected":false},"excerpt":{"rendered":"<p>Herzlich willkommen bei der Deutschen Verwaltungs-Gewerkschaft Sachsen-Anhalt e. V. ! Wir begr\u00fc\u00dfen Sie herzlich auf den Internetseiten der Deutschen Verwaltungs-Gewerkschaft Sachsen-Anhalt (DVG Sachsen-Anhalt), der kompetenten gewerkschaftlichen Interessenvertretung der Bediensteten in den Verwaltungen des Landes Sachsen-Anhalt. Eine engagierte Gewerkschaftsvertretung ist heute unter den zunehmend schwierigen Bedingungen im Berufsleben unverzichtbar. Auch im \u00f6ffentlichen Dienst hat man, auf &#8230; <a title=\"Organisation\" class=\"read-more\" href=\"https:\/\/www.dvg-lsa.de\/?page_id=173\" aria-label=\"Mehr Informationen \u00fcber Organisation\">Weiterlesen<\/a><\/p>\n","protected":false},"author":1,"featured_media":0,"parent":94,"menu_order":0,"comment_status":"closed","ping_status":"closed","template":"","meta":{"footnotes":""},"class_list":["post-173","page","type-page","status-publish"],"_links":{"self":[{"href":"https:\/\/www.dvg-lsa.de\/index.php?rest_route=\/wp\/v2\/pages\/173","targetHints":{"allow":["GET"]}}],"collection":[{"href":"https:\/\/www.dvg-lsa.de\/index.php?rest_route=\/wp\/v2\/pages"}],"about":[{"href":"https:\/\/www.dvg-lsa.de\/index.php?rest_route=\/wp\/v2\/types\/page"}],"author":[{"embeddable":true,"href":"https:\/\/www.dvg-lsa.de\/index.php?rest_route=\/wp\/v2\/users\/1"}],"replies":[{"embeddable":true,"href":"https:\/\/www.dvg-lsa.de\/index.php?rest_route=%2Fwp%2Fv2%2Fcomments&post=173"}],"version-history":[{"count":10,"href":"https:\/\/www.dvg-lsa.de\/index.php?rest_route=\/wp\/v2\/pages\/173\/revisions"}],"predecessor-version":[{"id":739,"href":"https:\/\/www.dvg-lsa.de\/index.php?rest_route=\/wp\/v2\/pages\/173\/revisions\/739"}],"up":[{"embeddable":true,"href":"https:\/\/www.dvg-lsa.de\/index.php?rest_route=\/wp\/v2\/pages\/94"}],"wp:attachment":[{"href":"https:\/\/www.dvg-lsa.de\/index.php?rest_route=%2Fwp%2Fv2%2Fmedia&parent=173"}],"curies":[{"name":"wp","href":"https:\/\/api.w.org\/{rel}","templated":true}]}}